 -15355 + -4?
-15403
In base 7, what is -5 + 463?
455
In base 8, what is 4 + -1141?
-1135
In base 15, what is 3 - 5?
-2
In base 3, what is -202 + 2?
-200
In base 10, what is 1134 - -4?
1138
In base 5, what is -4 + 11034?
11030
In base 16, what is 3 + 76?
79
In base 2, what is 11 + 110011?
110110
In base 8, what is -302 + 26?
-254
In base 16, what is -5d + 3?
-5a
In base 15, what is -1b - -92?
76
In base 13, what is -1 + -909?
-90a
In base 6, what is -4 + 1203?
1155
In base 8, what is 11 + 1330?
1341
In base 10, what is 4 - -2438?
2442
In base 6, what is -54 - -21?
-33
In base 8, what is 15 + -5?
10
In base 11, what is -4317 - 2?
-4319
In base 16, what is -67 + 2?
-65
In base 3, what is 10111 + 2102?
12220
In base 2, what is -100 - 10?
-110
In base 11, what is 17 - -89?
a5
In base 7, what is -22623 - -5?
-22615
In base 12, what is -865 - 5?
-86a
In base 11, what is -92 - -7?
-86
In base 16, what is -5 + d0?
cb
In base 13, what is 3 - 1?
2
In base 8, what is -36 + 104?
46
In base 10, what is 3486 + 2?
3488
In base 8, what is -255 + -5?
-262
In base 15, what is -18 - -1?
-17
In base 13, what is 2 + -71?
-6c
In base 5, what is -243 - -101?
-142
In base 13, what is -6 - -5c?
56
In base 5, what is 12 - 1213?
-1201
In base 14, what is -4da - 4?
-500
In base 6, what is 2 + -4453?
-4451
In base 5, what is -124 - 10?
-134
In base 14, what is 33d - 5?
338
In base 12, what is -6 + b?
5
In base 6, what is -12510 - -5?
-12501
In base 7, what is -1036 - -5?
-1031
In base 16, what is b - 21?
-16
In base 16, what is 37d + -5?
378
In base 10, what is -28720 - -4?
-28716
In base 10, what is -1155 + 1?
-1154
In base 11, what is -2 - 592?
-594
In base 3, what is 102221 + -10?
102211
In base 14, what is -18 + 11?
-7
In base 8, what is -1110 + -5?
-1115
In base 13, what is -a08 + 5?
-a03
In base 10, what is -21 - -254?
233
In base 15, what is 2 - -200c?
200e
In base 6, what is -5545 - -3?
-5542
In base 13, what is -52 + 1c?
-33
In base 13, what is -1659c - 5?
-165a4
In base 13, what is 6c + -50?
1c
In base 13, what is 13 - 12?
1
In base 11, what is 1 - -a74?
a75
In base 10, what is 0 - -14?
14
In base 2, what is 110 + -1011100?
-1010110
In base 16, what is 11e + -1?
11d
In base 4, what is -1332 - 211?
-2203
In base 7, what is 4 + 1102?
1106
In base 13, what is -5 + 1792?
178a
In base 3, what is 22 - 1020002?
-1012210
In base 15, what is 141 - -13?
154
In base 3, what is 11121 - -12110?
101001
In base 16, what is -1e7 + -15?
-1fc
In base 12, what is 0 - 1b7?
-1b7
In base 5, what is -204 - -131?
-23
In base 12, what is -4473 - -2?
-4471
In base 2, what is 10010010 - 1?
10010001
In base 15, what is -5 - -60?
5a
In base 5, what is 4 - -1331?
1340
In base 10, what is -34 + -308?
-342
In base 4, what is -2323 + 0?
-2323
In base 11, what is -4 + 21?
18
In base 13, what is a6 + -2?
a4
In base 14, what is 4 + 9?
d
In base 8, what is 6 - 44?
-36
In base 3, what is 102002101 - -2?
102002110
In base 8, what is -1 + -227?
-230
In base 16, what is 4 + 1b58?
1b5c
In base 14, what is a - 16?
-a
In base 3, what is -1 - -111?
110
In base 14, what is -27 + 80?
57
In base 6, what is 2 - -421?
423
In base 4, what is -20030 - 1011?
-21101
In base 11, what is 565 - 3?
562
In base 14, what is -42 - 37?
-79
In base 10, what is 229 + 2?
231
In base 6, what is 0 + -113?
-113
In base 16, what is -4 - -49?
45
In base 12, what is aa - -2?
b0
In base 5, what is 201240 + -4?
201231
In base 11, what is -710 - -7?
-704
In base 5, what is -4 + -12140?
-12144
In base 14, what is 1bd3 - 2?
1bd1
In base 2, what is -1 - -100011010100?
100011010011
In base 10, what is 3 - -7?
10
In base 15, what is 1 + 3b?
3c
In base 6, what is -20 - 3530?
-3550
In base 6, what is -2200 - 1?
-2201
In base 15, what is 5 + -42?
-3c
In base 6, what is -503 - 10?
-513
In base 7, what is -301 - 213?
-514
In base 4, what is -2 - -1123?
1121
In base 15, what is 4 - -3b?
40
In base 7, what is 5 - 304?
-266
In base 15, what is 181 + 1?
182
In base 13, what is -3 + 166?
163
In base 3, what is 10 + 2201?
2211
In base 8, what is 26 - 0?
26
In base 9, what is -46 + -62?
-118
In base 13, what is 7 - 1b?
-14
In base 3, what is 10 + 1002?
1012
In base 9, what is 5 + 2124?
2130
In base 8, what is -52 + -127?
-201
In base 9, what is 6 - -418?
425
In base 14, what is -3 - -a?
7
In base 9, what is -2044 - 0?
-2044
In base 14, what is d + -14?
-5
In base 11, what is -2 - -51a?
518
In base 8, what is -3 + -2732?
-2735
In base 10, what is 0 - 53?
-53
In base 5, what is 3043 - 12?
3031
In base 5, what is 2 - 411?
-404
In base 13, what is 4 + a6?
aa
In base 5, what is -10 - -1210?
1200
In base 5, what is -11 - -3240?
3224
In base 2, what is -1100110110 - 10?
-1100111000
In base 6, what is 1 - -1410?
1411
In base 6, what is 4 - -5?
13
In base 3, what is 10 + -1220?
-1210
In base 8, what is -2 + -1702?
-1704
In base 11, what is 1 - -28?
29
In base 10, what is -2369 + -4?
-2373
In base 7, what is 151021 + -4?
151014
In base 7, what is 1516 + 4?
1523
In base 15, what is 4e + 2d?
7c
In base 3, what is -111020 - -12?
-111001
In base 5, what is -11322 + 4?
-11313
In base 16, what is 12 - 10?
2
In base 2, what is 100110100 - -100?
100111000
In base 4, what is 1 + -233011?
-233010
In base 15, what is -1a63 + 1?
-1a62
In base 8, what is 55 + -12?
43
In base 6, what is -234435 - -1?
-234434
In base 12, what is -3651 - 1?
-3652
In base 13, what is -183 - -4?
-17c
In base 9, what is -2 + 32?
30
In base 16, what is b + -1163?
-1158
In base 16, what is 58b + 1?
58c
In base 12, what is -206 - -3?
-203
In base 9, what is -1711 - 3?
-1714
In base 16, what is 110 + b?
11b
In base 8, what is -5 - 567?
-574
In base 12, what is -24 + 0?
-24
In base 10, what is 5487 - -4?
5491
In base 14, what is -41 + 6?
-39
In base 2, what is 1000101 + 11111110?
101000011
In base 7, what is 3334 - -4?
3341
In base 9, what is 38 + 4?
43
In base 4, what is 3201 + 0?
3201
In base 5, what is -1 - 42?
-43
In base 6, what is 132 - 11?
121
In base 16, what is 16 - -4?
1a
In base 15, what is 3 + 42?
45
In base 6, what is -2455 + 14?
-2441
In base 8, what is -6 + -150?
-156
In base 15, what is 0 - -93?
93
In base 12, what is -20 + -6?
-26
In base 12, what is 4 + 37?
3b
In base 13, what is 9 + 16?
22
In base 16, what is -90 - 15?
-a5
In base 15, what is 6 + d?
14
In base 2, what is -101000 - 11000?
-1000000
In base 2, what is -101110 - 101?
-110011
In base 12, what is 3 + -111?
-10a
In base 6, what is -2 + -131?
-133
In base 3, what is 1210 - 20?
1120
In base 11, what is -105 - -175?
70
In base 14, what is -9 - 5b?
-66
In base 10, what is -22 - -12?
-10
In base 2, what is 10001100001 - -10?
10001100011
In base 15, what is -43 - -71?
2d
In base 9, what is -25 + -17?
-43
In base 7, what is 144 + 5?
152
In base 13, what is -141a9 + -4?
-141b0
In base 15, what is 4 - aa?
-a6
In base 14, what is -17 - -3?
-14
In base 2, what is -10011100010 + -101?
-10011100111
In base 12, what is -2 - 3?
-5
In base 2, what is 110010 + -1000001?
-1111
In base 4, what is -1111231 - -11?
-1111220
In base 7, what is 620 + -232?
355
In base 10, what is -10080 + 1?
-10079
In base 4, what is 10303 + 2?
10311
In base 9, what is 6433 - 0?
6433
In base 2, what is -1 + -100111?
-101000
In base 9, what is 10 + 55?
65
In base 12, what is -14 - 37?
-4b
In base 6, what is 4422 - 1?
4421
In base 9, what is 5 - 347?
-342
In base 14, what is -c25 - 4?
-c29
In base 14, what is 11 + -3?
c
In base 4, what is 220303 - 3?
220300
In base 15, what is -1 - -23?
22
In base 16, what is -78 + 1?
-77
In base 3, what is 12112 + -2011?
10101
In base 2, what is 1000 + -110001?
-101001
In base 12, what is b + -260?
-251
In base 14, what is 5 + 23?
28
In base 12, what is -5946 + 1?
-5945
In base 6, what is -10104 + 4?
-10100
In base 8, what is 41 + -14?
25
In base 5, what is 104 - 330?
-221
In base 14, what is b84 + -5?
b7d
In base 12, what is 3 - -2a0b?
2a12
In base 14, what is 403 + -3?
400
In base 15, what is -24 + -1?
-25
In base 14, what is 57 - 15?
42
In base 3, what is 1 + -1011?
-1010
In base 15, what is -1ce - -4?
-1ca
In base 16, what is 4 + -1df?
-1db
In base 6, what is -5 + 202?
153
In base 13, what is -2bb + 5?
-2b6
In base 2, what is -1 + -1111011110011?
-1111011110100
In base 7, what is 1 - 56?
-55
In base 8, what is -4 - -46?
4